{"version":"1.0","provider_name":"AFEN","provider_url":"https:\/\/afen.fr\/en","author_name":"Quentin Servais-Laval","author_url":"https:\/\/afen.fr\/en\/actualite\/author\/quentin-servaislaval\/","title":"L'\u00e9limination du Carbone : Imp\u00e9ratif et Opportunit\u00e9 pour l\u2019Industrie &#8211; AFEN","type":"rich","width":600,"height":338,"html":"<blockquote class=\"wp-embedded-content\" data-secret=\"wWsqNzBNaU\"><a href=\"https:\/\/afen.fr\/en\/actualite\/scaling-carbon-removal-imperative-opportunity-industrial-sector\/\">Carbon Elimination: Imperative and Opportunity for Industry<\/a><\/blockquote><iframe sandbox=\"allow-scripts\" security=\"restricted\" src=\"https:\/\/afen.fr\/en\/actualite\/scaling-carbon-removal-imperative-opportunity-industrial-sector\/embed\/#?secret=wWsqNzBNaU\" width=\"600\" height=\"338\" title=\"&quot;Carbon Elimination: Imperative and Opportunity for Industry&quot; - AFEN\" data-secret=\"wWsqNzBNaU\" frameborder=\"0\" marginwidth=\"0\" marginheight=\"0\" scrolling=\"no\" class=\"wp-embedded-content\"><\/iframe><script>\n\/*! This file is auto-generated *\/\n!function(d,l){\"use strict\";l.querySelector&&d.addEventListener&&\"undefined\"!=typeof URL&&(d.wp=d.wp||{},d.wp.receiveEmbedMessage||(d.wp.receiveEmbedMessage=function(e){var t=e.data;if((t||t.secret||t.message||t.value)&&!\/[^a-zA-Z0-9]\/.test(t.secret)){for(var s,r,n,a=l.querySelectorAll('iframe[data-secret=\"'+t.secret+'\"]'),o=l.querySelectorAll('blockquote[data-secret=\"'+t.secret+'\"]'),c=new RegExp(\"^https?:$\",\"i\"),i=0;i<o.length;i++)o[i].style.display=\"none\";for(i=0;i<a.length;i++)s=a[i],e.source===s.contentWindow&&(s.removeAttribute(\"style\"),\"height\"===t.message?(1e3<(r=parseInt(t.value,10))?r=1e3:~~r<200&&(r=200),s.height=r):\"link\"===t.message&&(r=new URL(s.getAttribute(\"src\")),n=new URL(t.value),c.test(n.protocol))&&n.host===r.host&&l.activeElement===s&&(d.top.location.href=t.value))}},d.addEventListener(\"message\",d.wp.receiveEmbedMessage,!1),l.addEventListener(\"DOMContentLoaded\",function(){for(var e,t,s=l.querySelectorAll(\"iframe.wp-embedded-content\"),r=0;r<s.length;r++)(t=(e=s[r]).getAttribute(\"data-secret\"))||(t=Math.random().toString(36).substring(2,12),e.src+=\"#?secret=\"+t,e.setAttribute(\"data-secret\",t)),e.contentWindow.postMessage({message:\"ready\",secret:t},\"*\")},!1)))}(window,document);\n<\/script>","thumbnail_url":"https:\/\/afen.fr\/wp-content\/uploads\/2025\/06\/unnamed.jpg","thumbnail_width":1600,"thumbnail_height":1067,"description":"R\u00e9sum\u00e9 de l&rsquo;\u00e9v\u00e9nement Le 10 juin, un \u00e9v\u00e9nement AFEN et RMI a r\u00e9uni des dirigeants industriels, des professionnels de la durabilit\u00e9, des investisseurs et des d\u00e9cideurs politiques pour approfondir une question cruciale : Comment mettre \u00e0 l&rsquo;\u00e9chelle l&rsquo;\u00e9limination du carbone \u00e0 travers l\u2019industrie ? La discussion s&rsquo;est appuy\u00e9e sur les analyses d\u2019un r\u00e9cent rapport de [&hellip;]"}

L'élimination du Carbone : Impératif et Opportunité pour l’Industrie &#8211; AFEN

Résumé de l&rsquo;événement Le 10 juin, un événement AFEN et RMI a réuni des dirigeants industriels, des professionnels de la durabilité, des investisseurs et des décideurs politiques pour approfondir une question cruciale : Comment mettre à l&rsquo;échelle l&rsquo;élimination du carbone à travers l’industrie ? La discussion s&rsquo;est appuyée sur les analyses d’un récent rapport de [&hellip;]
